 0*n - 26 = -k + n. Calculate the remainder when 116 is divided by k.
26
Let l = 37 + -10. Suppose 4*z - 2*q + 3*q - 54 = 0, -72 = -5*z + q. Calculate the remainder when l is divided by z.
13
Let i(h) be the first derivative of 141*h**4/4 + 2*h**3/3 - h**2 + h - 5. What is the remainder when i(1) is divided by 36?
34
Let f be (-1)/((3/(-89))/(-3)). Let h = f - -223. Suppose 0 = 5*k - h + 4. What is the remainder when k is divided by 7?
5
Suppose 6 + 14 = 4*a. Let m(l) = -l**2 + 3*l + 9. Let q be m(-4). Let i = q + 31. Calculate the remainder when i is divided by a.
2
Let p = 705 + -646. Calculate the remainder when p is divided by 12.
11
Suppose -3*c + 5*g = 8*g - 105, 4*c - 2*g = 140. Calculate the remainder when 767 is divided by c.
32
Let k(y) = -y**3 - 6*y**2 + 5*y. What is the remainder when 12/(-66) - 1064/(-44) is divided by k(-7)?
10
Let s(p) = 12*p**2 + 5*p + 9. Let a be s(11). Let z be a/16 - 12/16. Let k = z - 67. Calculate the remainder when 107 is divided by k.
26
Let m(x) = 2*x**2 + 37*x - 33. Let l be m(-19). Let k = 62 + l. What is the remainder when k is divided by 9?
3
Suppose 16*k - 3*k = 52. Suppose 69 = 3*c - 3*t, -k*c + 100 = -t - t. What is the remainder when c is divided by 11 - (1 + 1) - 2?
6
Let d(q) = 3*q**2 + 13*q + 3. Let o be d(-5). Suppose -o = -m + 26. Calculate the remainder when m is divided by 14.
11
Let x be 0/((0 + 5)/(-5)). Suppose -4*c + 3*s + 42 = 0, x = 4*c - 5*s + 3*s - 44. What is the remainder when 70 is divided by c?
10
Suppose -2*d - 12 = -5*j, -5*j - 6 = -d - 22. Suppose -c - 5*r + 21 = -41, d*r - 197 = -3*c. What is the remainder when c is divided by 23?
21
Suppose 2*h + 114 = 144. Let o(z) = z**3 - 16*z**2 + 21*z - 35. Calculate the remainder when o(h) is divided by 19.
17
Suppose -f - f - 5*t - 8 = 0, 4*f + 2*t - 16 = 0. Suppose o + l - 16 = f*l, o - 4 = -l. Calculate the remainder when 18 is divided by o.
0
Suppose 3*a = 2*k + 409, 9*a + 272 = 11*a - k. What is the remainder when a is divided by 18?
9
Suppose -4 + 94 = 3*h. Let p = -18 + h. Calculate the remainder when 2 + 1 + (-57)/(-3) is divided by p.
10
Suppose 4*c + i - 24 = -3*i, 5*i = -2*c + 21. Suppose -5*r + 122 = -0*r + 3*k, 0 = -r - c*k + 22. What is the remainder when 47 is divided by r?
22
Let b(w) = 51*w + 10. Calculate the remainder when 241 is divided by b(1).
58
Suppose 5*i + 0*k + 4*k + 60 = 0, 0 = 2*k. Let w be (i/(-24))/((-1)/(-338)). Let j = -83 + w. What is the remainder when j is divided by 22?
20
Let l = 695 - 457. What is the remainder when l is divided by 24?
22
Let z = 96 + -14. Let o(p) = -5*p**2 + 0*p**3 - 4 + 5*p - 5*p**3 + 6*p**3. What is the remainder when z is divided by o(5)?
19
Suppose -y + 19 = 2*q, 23 = q + 5*y - 9. Suppose -3*i = 3*h + 3 - 12, 0 = 2*i - 4. Calculate the remainder when q is divided by 0/1 + h + 1.
1
Let q be ((-2)/6*-3)/(5/(-280)). Let c = q + 63. What is the remainder when 24 is divided by c?
3
Suppose 388 = 29*u - 1236. What is the remainder when 218 is divided by u?
50
Suppose -19 = -3*u + 140. Let z = u + -35. Calculate the remainder when 68 is divided by z.
14
Suppose 57 = 16*z + 9. Suppose -z*w = -12*w + 81. What is the remainder when 87 is divided by w?
6
Let p = 18 + 18. Suppose 5*k - p = -11. Suppose 3*a + 2*a - 95 = 0. What is the remainder when a is divided by k?
4
Suppose -3*t - 12 = -5*j + 3, 2*j + 5 = -t. Let w(g) = g**2 - g + 47. Suppose -141 = -5*h - 21. Calculate the remainder when w(j) is divided by h.
23
Suppose 92*b + 1288 = 100*b. Calculate the remainder when 168 is divided by b.
7
Let y be (-2)/(-13) - (-1984)/(-52). Let g be (-2)/(-9) - 292/18. Let q = g - y. What is the remainder when q is divided by 8?
6
Let k(s) = -22*s - 184. What is the remainder when k(-24) is divided by 30?
14
Let s(q) = -q**3 - 4*q**2 - q + 16. Let o be s(-4). Suppose -2*d + o = -d. Calculate the remainder when 59 is divided by d.
19
Suppose 2*d + 72 = 4*d. Suppose -5*c - 3 = 2, -5*k = -c - 101. What is the remainder when d is divided by k?
16
Suppose -14*x - 360 = -24*x. Calculate the remainder when x is divided by 16.
4
Let n(b) = b - 5. Let w be n(7). Suppose -3 = 4*d + 9. Calculate the remainder when w/((-12)/d)*8 is divided by 3.
1
Suppose 0 = -l - 210 + 221. What is the remainder when 217 is divided by l?
8
Let u(q) = q**3 - 10*q**2 + 19*q + 24. What is the remainder when 56 is divided by u(8)?
8
Suppose -4*y - 3*s + 196 = 0, -2*s = 4*y - 2*y - 100. What is the remainder when y is divided by 12?
10
Let i(w) = 3*w**3 - 4*w**2 - 2*w - 11. Let c(m) = -2*m**3 + 5*m**2 + 3*m + 12. Let t(b) = 4*c(b) + 3*i(b). Calculate the remainder when 63 is divided by t(-7).
19
Suppose 4*l = 303 + 293. Let f = l + -98. Suppose -w = 2*p - 3*w - 32, 5*w + 62 = 4*p. What is the remainder when f is divided by p?
15
Let r(o) = -197*o - 118. Calculate the remainder when r(-2) is divided by 31.
28
Let b be (20/(-60))/((-1)/3). Let p(n) = 2*n - 9. Let g be p(6). Let q = g - b. What is the remainder when 6 is divided by q?
0
What is the remainder when 167 is divided by (7 - -79) + -2 - -5?
78
Suppose -x + 4 = -30. Suppose -t - t = -92. Let q = 146 - t. What is the remainder when q is divided by x?
32
Suppose 24 = -0*s - 3*s + 2*f, -4*s = -2*f + 30. Let c be (-616)/s - 12/18. Let d = -37 + c. Calculate the remainder when d is divided by 17.
14
Let j = -22 + 34. Suppose 18*g - 22*g = -136. What is the remainder when g is divided by j?
10
Let b = -858 - -861. What is the remainder when 146 is divided by b?
2
Let r be 2*6/(-4) - (-16)/2. Suppose -w - 14 = -2*f - 3*f, 3*f = -r*w - 14. Calculate the remainder when 4 is divided by f.
0
Let p be (-4)/(-4) - 4102/(-2). Suppose 12*f + p = 8*f. What is the remainder when f/(-9) + -4 + 1 is divided by 19?
16
Let w = -78 + 146. Suppose 0*p = -2*k + 4*p + 28, 0 = 3*k - 3*p - 48. Calculate the remainder when w is divided by k.
14
Let x = 175 - 118. Let r = 114 - 39. Suppose 3*o + 2*o - r = 0. Calculate the remainder when x is divided by o.
12
Let v = 36 - 7. Let s(i) = 43*i**2 + i - 2. What is the remainder when s(2) is divided by v?
27
Let l = 6 - 3. Let w(f) = -f + 4 - 5*f + f**2 + 5*f. Calculate the remainder when w(l) is divided by 4.
2
Let j(n) = -n**2 - 10*n - 10. Let h be j(-8). Suppose h*r = 2*r - 8. Calculate the remainder when 26 is divided by 6/r*(-91)/39.
5
Let l be (4 - 4)*3/(-6). Suppose 2*j = 3*k + 20, 0*j - 3*j + 4*k + 32 = l. Calculate the remainder when j is divided by 7.
2
What is the remainder when ((-88)/(-20))/(84/20790) is divided by 14?
11
Let k be -1*(2 + -1) + -6. Let u = 12 + k. Let r(x) = x**3 - 4*x**2 + 6*x + 6. Calculate the remainder when r(u) is divided by 32.
29
Suppose 0 = -3*f + 6 + 54. Calculate the remainder when 170/f*(0 - -2) is divided by 8.
1
What is the remainder when 225 is divided by 152*2/(-40)*-5?
35
Let z(w) = -18*w - 244. What is the remainder when z(-22) is divided by 14?
12
Let d = 143 - 141. Suppose -5*c + d*b + 21 = 0, -c + b + 0*b = -6. What is the remainder when 7 is divided by c?
1
Suppose -g = s - 29, 5*g + 7 = 32. What is the remainder when 67 is divided by s?
19
Suppose -2*f = -5*q - 4*f + 25, 2*f + 17 = q. Let b(v) = -8 + 4*v + 11 - 3 - q. What is the remainder when b(5) is divided by 4?
1
Let h be (1 + 1)/((-16)/(-104)). Let w be 3*(h/3 + -3). Suppose 5*l + 167 = -0*s + 2*s, 0 = -2*s - w*l + 122. Calculate the remainder when s is divided by 24.
23
Suppose 2*d = -0*d + 24. Let n be 14/(-77) + 4/22. Calculate the remainder when d is divided by 5/2*(-1 - (-3 + n)).
2
Let u be 648/(-6) + (-4)/(-1). What is the remainder when u/(-3) + (-2)/(-6) is divided by 12?
11
What is the remainder when ((-7)/56*4)/(3/(-582)) is divided by 25?
22
Suppose -2*i - 4 - 14 = 0. Let o = i - -14. What is the remainder when (-6 - (-12)/2) + 5 + 12 is divided by o?
2
Let q(y) = 2*y - 2. Let n be q(2). Let z(m) = m + 18. Calculate the remainder when (-1 + 1/n)*-118 is divided by z(-3).
14
Let u(n) = 2*n**2 - 6*n + 3. Calculate the remainder when (39/(-9) + 6)/((-5)/(-162)) is divided by u(4).
10
Let b(s) = s**3 - 10*s**2 + 9*s. Let n be b(9). Suppose 4*z + l + 4*l - 25 = n, 28 = 4*z + 4*l. What is the remainder when 36 is divided by z?
6
Let h(x) = x**2 + x. Let i be h(0). Let a(k) = -k**2 - 2*k + 13. Let s(f) = -6*f + 2. What is the remainder